{"id":41,"date":"2019-05-05T17:38:34","date_gmt":"2019-05-05T17:38:34","guid":{"rendered":"http:\/\/r-mertins.de\/?page_id=41"},"modified":"2022-10-03T16:17:05","modified_gmt":"2022-10-03T16:17:05","slug":"startseite","status":"publish","type":"page","link":"https:\/\/r-mertins.de\/","title":{"rendered":"Startseite"},"content":{"rendered":"\n<p><\/p>\n\n\n\n<p><\/p>\n\n\n\n<h2 class=\"wp-block-heading\"><strong>Handwerker gesucht und gefunden!<\/strong><\/h2>\n\n\n\n<p class=\"has-medium-font-size\">Sie haben ein Problem im Haus, im Garten, auf dem Hof, am Boot oder mit irgend einem Ger\u00e4t? Sie wohnen in Hamburg Dulsberg oder in der N\u00e4he?<\/p>\n\n\n\n<h2 class=\"wp-block-heading\"><strong>Sie suchen einen Handwerker der vieles kann, einen Allrounder<\/strong>.<\/h2>\n\n\n\n<p class=\"has-medium-font-size\"><\/p>\n\n\n\n<p class=\"has-medium-font-size\">Das Spezielle ist mein Spezialgebiet!<\/p>\n\n\n\n<p class=\"has-medium-font-size\">Ich kann so manches reparieren und Sie m\u00fcssen es nicht wegwerfen!<\/p>\n\n\n\n<p class=\"has-medium-font-size\">Ich helfe Ihnen gerne wenn &#8230;<\/p>\n\n\n\n<ul class=\"wp-block-list\"><li> &#8230; eine einzelne Fliese kaputt ist und ausgetauscht werden muss, <\/li><li> &#8230;  Sie eine Lampe aufgeh\u00e4ngt und angeschlossen haben m\u00f6chten, <\/li><li> &#8230; Sie  ein M\u00f6belst\u00fcck gekauft haben und es nicht selber aufbauen k\u00f6nnen,<\/li><li>&#8230; der Wasserhahn tropft und wieder dicht werden soll,<\/li><li> &#8230; der Rasenm\u00e4her streikt oder komische Ger\u00e4usche macht, <\/li><li> &#8230;  die N\u00e4hmaschine nur noch r\u00fcckw\u00e4rts n\u00e4ht, <\/li><li> &#8230;  das Stuhlgeflecht entzwei geht, <\/li><li> &#8230; an Ihren M\u00f6beln etwas nicht in Ordnung ist, <\/li><li> oder, oder, oder &#8230;<\/li><\/ul>\n\n\n\n<p class=\"has-medium-font-size\">Wenn Sie ein gro\u00dfes oder kleines Problem haben nehmen Sie gerne mit mir Kontakt auf. Wir werden dann zusammen schauen was ich f\u00fcr Sie tun kann.<\/p>\n","protected":false},"excerpt":{"rendered":"<p>Handwerker gesucht und gefunden! Sie haben ein Problem im Haus, im Garten, auf dem Hof, am Boot oder mit irgend einem Ger\u00e4t? Sie wohnen in Hamburg Dulsberg oder in der N\u00e4he? Sie suchen einen Handwerker der vieles kann, einen Allrounder. Das Spezielle ist mein Spezialgebiet! Ich kann so manches reparieren und Sie m\u00fcssen es nicht &hellip; <\/p>\n<p class=\"link-more\"><a href=\"https:\/\/r-mertins.de\/\" class=\"more-link\"><span class=\"screen-reader-text\">\u201eStartseite\u201c <\/span>weiterlesen<\/a><\/p>\n","protected":false},"author":1,"featured_media":0,"parent":0,"menu_order":0,"comment_status":"closed","ping_status":"closed","template":"","meta":{"footnotes":""},"class_list":["post-41","page","type-page","status-publish","hentry"],"_links":{"self":[{"href":"https:\/\/r-mertins.de\/index.php?rest_route=\/wp\/v2\/pages\/41","targetHints":{"allow":["GET"]}}],"collection":[{"href":"https:\/\/r-mertins.de\/index.php?rest_route=\/wp\/v2\/pages"}],"about":[{"href":"https:\/\/r-mertins.de\/index.php?rest_route=\/wp\/v2\/types\/page"}],"author":[{"embeddable":true,"href":"https:\/\/r-mertins.de\/index.php?rest_route=\/wp\/v2\/users\/1"}],"replies":[{"embeddable":true,"href":"https:\/\/r-mertins.de\/index.php?rest_route=%2Fwp%2Fv2%2Fcomments&post=41"}],"version-history":[{"count":25,"href":"https:\/\/r-mertins.de\/index.php?rest_route=\/wp\/v2\/pages\/41\/revisions"}],"predecessor-version":[{"id":283,"href":"https:\/\/r-mertins.de\/index.php?rest_route=\/wp\/v2\/pages\/41\/revisions\/283"}],"wp:attachment":[{"href":"https:\/\/r-mertins.de\/index.php?rest_route=%2Fwp%2Fv2%2Fmedia&parent=41"}],"curies":[{"name":"wp","href":"https:\/\/api.w.org\/{rel}","templated":true}]}}